 = 207 - 7. What is the greatest common divisor of k and m?
25
Let i(w) = -5*w**2 - 1. Let n be i(-1). Let u(q) = -21*q + 2. Let s be u(n). Let g be (s/20)/1*15. What is the highest common divisor of g and 12?
12
Let d(r) = -14*r + 66. Let k be d(-12). Calculate the greatest common divisor of k and 54.
18
Suppose -8*j = -3*j + 160. Let d = -4 - j. What is the highest common divisor of 70 and d?
14
Suppose -4*r + 13 = 5. Let v be (3 - 8/2)/(1 + 0). Let a be 16 + r - (2 + v). Calculate the highest common factor of 17 and a.
17
Let s be (2 + 2/(-3))*81. Suppose -s - 44 = -4*i. Suppose 3*g + 123 = 2*r, 4*r - 4*g + 126 = 366. What is the greatest common divisor of i and r?
19
Let s(l) = -l**2 - 7*l - 6. Let w be s(-5). Let v(d) = 0*d + w*d + 20*d + 3 + 19*d. Let i be v(3). Calculate the highest common divisor of 12 and i.
12
Let k(g) = 14*g - 82. Let c be k(6). Calculate the highest common divisor of 6 and c.
2
Let p be (-8 - -7) + 4 + -1. Suppose h - 234 = -p*h. Calculate the greatest common factor of h and 6.
6
Let q = 3305 + -1953. What is the greatest common divisor of 8 and q?
8
Let b = -3028 + 8038. Let y be b/25 + (-4)/10. Let f = y + -136. Calculate the highest common divisor of f and 8.
8
Suppose -7*z + 8*z - 4 = 0. Suppose 4*b = 2*v - 1 - 9, z*b - 5*v + 19 = 0. Let o be b*3/4*-8. Calculate the highest common factor of o and 54.
6
Let i = 208 + -178. Calculate the greatest common divisor of 5 and i.
5
Let w(d) = -24*d**3 + d**2 + d - 2. Let r be w(1). Let i be ((-20)/(-6))/(r/(-36)). Suppose i*y - 46 = -6. Calculate the greatest common factor of 2 and y.
2
Let m be -4*((-33)/6*22)/4. Let y = -25 - -36. What is the highest common divisor of y and m?
11
Suppose 312 = 4*v - f, 0 = 3*v - 0*v + 4*f - 253. Suppose 4*u - 257 = v. Calculate the greatest common factor of 7 and u.
7
Let t be (-2256)/(-42) + 2/7. Let k(j) = j**2 - 6*j + 3. Let a be k(5). Let u be 5/1 + a + 3. Calculate the highest common divisor of t and u.
6
Let y = 3 + -1. Suppose -5*f = -y*f - 12. Let s = 45 - 29. Calculate the highest common divisor of f and s.
4
Suppose 9 = -4*v + h + 205, -h = 4*v - 188. Calculate the greatest common divisor of v and 18.
6
Let m be 85/(-2)*3488/(-545). Calculate the highest common factor of m and 612.
68
Suppose 0 = -6*w - 80 + 26. Let b be w/(63/(-196)) - (-2 + 0). Calculate the greatest common divisor of 60 and b.
30
Suppose 3*u + u = 4*t + 16, -4*t - 2*u = -8. Suppose -3*h + 0*h + 297 = t. Let j be 3*(-1 - 56/(-12)). What is the highest common factor of j and h?
11
Let f(n) = n**2 - 26*n + 58. Let s be f(34). Calculate the highest common divisor of s and 30.
30
Let i(b) = 2*b**2 + 3*b - 66. Let a be i(6). What is the highest common divisor of 3 and a?
3
Suppose 0 = -2*j + c + 57, 91*j - 3*c = 96*j - 126. Calculate the highest common factor of 3429 and j.
27
Let a = -133 + 199. Suppose 0 = -6*o - a + 228. What is the greatest common factor of o and 243?
27
Let a(g) = -1326*g - 119. Let m be a(-2). What is the greatest common factor of 149 and m?
149
Suppose 4*o + 5*t = -o + 25, -4*o + 26 = -2*t. What is the highest common divisor of o and 42?
6
Let r(c) = 7*c**2 - 1. Let a be r(1). Suppose 91 + 59 = 5*w. Calculate the greatest common divisor of w and a.
6
Let b(i) = -86*i - 47. Let j be b(-7). Calculate the highest common divisor of 15 and j.
15
Suppose -432 = -19*j + 15*j. What is the highest common factor of j and 9?
9
Let d be (2 - 73)*30/(-30). What is the highest common divisor of 71 and d?
71
Let b(c) = -c**3 + 14*c**2 - 10*c - 46. Let a be b(12). Calculate the highest common divisor of a and 183.
61
Suppose -25*z + 866 + 1384 = 0. Calculate the highest common divisor of z and 216.
18
Suppose 5*x - 380 = -5*q, 2*x - 374 = -6*q + q. Let f = q - 22. Let k be ((-20)/30)/((-4)/78). What is the greatest common divisor of k and f?
13
Suppose -2*i = c - 3034, 28*c - 33*c - 2*i = -15170. Calculate the greatest common divisor of 74 and c.
74
Let m be 6/6 - (-3 - (2 + 16)). Suppose a = -5*q - 13, -2*a - q = -0*q - 1. Calculate the greatest common factor of m and a.
2
Let v(z) = -z**2 - 7*z - 4. Let r be v(-6). Suppose r*a - 119 = -11. Suppose 520 = -b + 529. Calculate the greatest common divisor of b and a.
9
Suppose -8*x + 4*x = -152. Let l = 47 - x. Calculate the greatest common divisor of 12 and l.
3
Suppose 3*f = -f. Suppose 5*y + 3*k = 40, -3*y - 5 = -4*k - f. Let b be (0 + 2)/(-1) + y. Calculate the greatest common divisor of b and 21.
3
Let p(a) = -90*a + 21. Let z be p(-6). What is the greatest common divisor of z and 51?
51
Let m(n) = -n**3 - 7*n**2 + 7*n + 18. Let f be (-4 + (-10)/(-3))*-3. Let k = -10 + f. Let x be m(k). What is the highest common factor of 39 and x?
13
Suppose g - 1 + 2 = 0. Let b(l) = l - 1. Let r(p) = 2*p + 9. Let u(v) = g*r(v) - 2*b(v). Let n be u(-5). What is the highest common divisor of 26 and n?
13
Let y(r) be the third derivative of -r**6/120 - r**4/24 + 56*r**3/3 - r**2. Let c be y(0). Calculate the highest common factor of c and 14.
14
Let l(w) = -56*w - 296. Let r be l(-7). What is the greatest common divisor of 72 and r?
24
Let u = 0 + 4. Suppose 0 = -n - c + 5, -4*n + u*c + 23 = -21. Let l(g) = 11*g + 7. Let s be l(3). Calculate the highest common factor of n and s.
8
Let m = -12 - -13. Let c be m/4 - 124/(-16). Calculate the highest common divisor of 64 and c.
8
Let v = -2254 - -2271. Let c be 26/6 - 2/6. Suppose 2*b + w = 4*w + 46, 0 = c*b + 4*w - 52. Calculate the greatest common factor of v and b.
17
Let j = 51 - -96. Suppose 0 = -2*g - 3314 + 3356. Calculate the greatest common divisor of j and g.
21
Let j(p) = 59*p - 4. Let z be j(9). What is the greatest common divisor of 17 and z?
17
Let c(g) = -g. Suppose 3*o = -2*p - 26, p - 54 = 5*o + 11. Let l be c(o). Calculate the highest common divisor of l and 36.
12
Suppose 50 = 5*j - l - 53, -2 = -l. Calculate the greatest common divisor of j and 1869.
21
Let x be (-7)/7*(-2 - 1). Let j be 192 + (0 - x) + 2. Suppose 2*m = -0*p + 5*p + 120, 0 = 3*m - 2*p - j. What is the highest common divisor of 13 and m?
13
Suppose -64 = -5*o - 2*s, 0*s = -2*s - 6. Let l = 2347 - 2333. What is the greatest common factor of l and o?
14
Suppose 63*r + 6650 = 24983. Calculate the highest common divisor of 3 and r.
3
Let a(h) = -h + 5. Let s(f) = -f + 5. Let m(u) = -3*a(u) + 2*s(u). Let q be m(11). Let c be q/24 + 351/4. Calculate the greatest common factor of 8 and c.
8
Let l(x) be the third derivative of x**6/120 - x**5/20 + 5*x**4/12 - x**3/6 - 2*x**2. Let j be l(4). What is the highest common factor of 22 and j?
11
Let q = -114 + 279. Let f(p) = 6*p - 2. Let u be f(-7). Let g be (12/(-32)*u)/(2/8). Calculate the highest common divisor of q and g.
33
Suppose -7*c = -387 - 1167. What is the greatest common factor of c and 2?
2
Let m(z) be the second derivative of z**5/20 + 2*z**4/3 - z**3 - 13*z**2/2 + 23*z. Let c be m(-7). What is the greatest common divisor of c and 13?
13
Suppose -8*h = -1323 - 1077. Calculate the greatest common factor of h and 240.
60
Suppose 0 = -b, 4*t + 6*b = 2*b + 4968. What is the highest common factor of t and 92?
46
Let i = 617 - -307. What is the greatest common factor of i and 77?
77
Let a(i) = 24*i - 124. Let j be a(7). What is the greatest common factor of 198 and j?
22
Suppose 5837 = -36*p + 15989. Calculate the greatest common divisor of p and 752.
94
Let u = 2 + -3. Let g be 7/(u/(-3*1)). Let y(l) = -l + 140. Let j be y(-28). What is the highest common factor of g and j?
21
Let q = -248 - -265. What is the highest common divisor of q and 68?
17
Let h be (-30)/(-5) - (2 - 1 - 0). Suppose -9 + 59 = h*l. What is the highest common factor of l and 80?
10
Let b(u) be the first derivative of u**4 - 1/2*u**2 - u**3 - 3 + 2*u. Let n be b(2). Calculate the highest common factor of n and 60.
20
Let v(q) = -q + 199. Let k be v(7). Calculate the greatest common factor of k and 18.
6
Suppose -18*r - 8*r = -1118. Calculate the highest common factor of r and 129.
43
Suppose -5*s - 3*o = -46, 3*s + s + 5*o = 29. Calculate the highest common factor of 22 and s.
11
Suppose 0 = 2*l - 102 + 10. Suppose 4*q + 2*r + 2*r = 1280, 5*r + 1620 = 5*q. What is the highest common factor of l and q?
46
Let d(l) = 22*l - 92. Let k be d(5). What is the highest com